w - 28 - 404 = 3*n, 432 = 2*w - n. Let p be (-18)/(((-18)/(-32))/(-3)). What is the greatest common divisor of p and w?
24
Let a(r) be the first derivative of -r**3 - 33*r**2/2 + 21*r - 116. Let g be a(-11). What is the highest common divisor of g and 6?
3
Suppose -4*r + 113 = -5*a, -6*a = 2*r - 11*a - 59. Calculate the greatest common divisor of 813 and r.
3
Suppose -79 + 29 = -5*x. Suppose 3*m - 30 = -3*j, 6*j - 11*j = -x. Let a(n) = 7*n - 4. Let t be a(4). What is the highest common factor of t and m?
8
Let x be (-74)/4*(53 - 55). Let d = -855 - -1262. What is the greatest common factor of x and d?
37
Let k(h) = h**2 - 9*h + 12. Let a be (1 - -7) + (-1 - -2). Let u be k(a). Let p = 456 - 360. Calculate the greatest common factor of u and p.
12
Let s be ((-588)/(-18))/(-2*(-3)/1395). Suppose 1999*g - 2006*g + s = 0. Calculate the greatest common divisor of 35 and g.
35
Let m(l) = 4*l**3 + 17*l**2 + 2*l - 14. Let i be m(6). Calculate the highest common divisor of i and 67.
67
Let i(r) = 8*r**2 - 2*r + 2. Let v = -123 + 125. Let u be i(v). What is the highest common factor of u and 45?
15
Suppose 9 = 3*y, -37*y = w - 33*y - 104. Calculate the highest common factor of 32 and w.
4
Suppose 62*k = 94*k - 2688. Calculate the greatest common factor of 1218 and k.
42
Suppose -l - 2*l = 2 - 29. What is the greatest common divisor of l and 5769?
9
Let p be 162/(-21) - 6/21. Let o(m) = m**2 - 6*m - 27. Let k be o(p). Let r = -70 + k. Calculate the highest common divisor of r and 10.
5
Suppose d + 2*d - 171 = 0. Let c(w) = 2*w**2 - 47*w + 326. Let x be c(7). What is the greatest common divisor of x and d?
19
Suppose -16 = -2*t + 20. Let q be (85 + -4)/(t/30). What is the greatest common divisor of q and 45?
45
Suppose -4*h + 596 = 4*g, 3*h = g + 99 + 328. Let f be (-161)/(-3) + (-2)/(-6). Calculate the highest common divisor of h and f.
18
Let v be 7/(-56) + (143378/16)/17. Calculate the highest common factor of 85 and v.
17
Let f(j) = 3*j**3 - 56*j**2 + 4*j - 40. Let q be f(22). Calculate the highest common factor of q and 94.
94
Suppose 73*s + 644 - 1508 - 1253 = 0. Suppose -3*a + 3*g + 6 = 0, 2*a + 5*g + 1 = -2. Calculate the highest common factor of a and s.
1
Let a = 149 + -144. Suppose -3*k = a*g - 19, -2*k = 2*g + 2*k - 16. What is the highest common factor of g and 16?
2
Let l be 2/7 + (-1084)/(-28). Suppose 5*w = -m + 323, -4*m + 12 = 20. What is the greatest common factor of w and l?
13
Let j = -1899 - -2061. Let t(d) = 6*d**3 - 3*d**2 - d + 2. Let l be t(2). Calculate the greatest common factor of l and j.
18
Suppose -7*a = -9*a - 8. Let o be (-6 - a)/((-12)/66). What is the highest common divisor of o and 143?
11
Let g be (-7 - 195/120*-12)/(1/242). Calculate the highest common divisor of 175 and g.
25
Suppose 5*l = 10*l - 15. Let g be 68/102*1/1*l. Suppose -232 + 66 = -g*a - 2*t, 2*a + 3*t = 169. What is the greatest common factor of 32 and a?
16
Suppose -56*n + 103*n = 2820. Calculate the highest common divisor of 4100 and n.
20
Let m be (-21)/(-3) - -1 - -7. Suppose -m = 3*s, 4*z - 474 = 5*s - 197. What is the greatest common divisor of z and 27?
9
Suppose -39*p + 452403 = -68196 + 120069. What is the greatest common divisor of 158 and p?
158
Let g(w) = -135*w + 15. Suppose 4*q + r + 21 = 0, 5*r - 33 = 4*q + 2*r. Let t be g(q). Calculate the highest common divisor of 75 and t.
75
Let u(i) = 8*i + 127. Let k be u(-16). Let h be (-9554)/(-187) - k/(-11). What is the greatest common divisor of h and 510?
51
Let w = 10982 - 7006. What is the highest common divisor of w and 14?
14
Suppose 33 + 29 = 2*s - 3*v, 5*s + 3*v - 155 = 0. Let m = -19 + s. Let h be (m - 18)*14/(-2). Calculate the highest common divisor of h and 63.
21
Let u = 3789 - 1809. What is the highest common divisor of 600 and u?
60
Let y = -5412 + 6039. Calculate the highest common divisor of 264 and y.
33
Let l(v) = v**2 - 10*v + 30. Let p be 2/16 - (79/(-8) + 2). Let a be l(p). Calculate the highest common factor of a and 1106.
14
Suppose 3979 + 8117 = 84*s. What is the highest common divisor of s and 64?
16
Let l(q) = q**2 + 36*q + 300. Let g be l(-10). What is the greatest common divisor of g and 2580?
20
Let k = -246 - -250. Suppose -v + 4*v - 399 = 0. Suppose -k*g + 75 = -v. What is the highest common divisor of g and 130?
26
Suppose -19 - 17 = -4*w. Suppose 8*m = 7*m + 13. Suppose 13 = -m*h + 26. What is the highest common divisor of h and w?
1
Suppose 54 = 2*b + s + 6, 19 = b + 3*s. Let c = 46 - 40. Suppose -c*i + 500 = -i. What is the highest common divisor of b and i?
25
Let d(r) = 4*r**2 + 51*r - 3*r**2 - 92*r + 50*r - 13. Let t be d(-11). Calculate the highest common factor of 657 and t.
9
Let s = -4336 + 4337. Calculate the greatest common divisor of s and 49.
1
Suppose 37773 = 86*l + 13693. What is the greatest common factor of l and 364?
28
Let y be (-21)/(-28)*((1 - -522) + -7). What is the greatest common factor of y and 9?
9
Let h = -57 - -57. Suppose 9 = -3*a, h*a - 1331 = -5*n - 3*a. Suppose -3*q = -4*p - n, -p = -q - 0*p + 91. What is the greatest common factor of q and 12?
12
Let b = 3645 - 2637. Calculate the greatest common divisor of b and 63.
63
Let u = -6842 - -6994. Calculate the greatest common divisor of 475 and u.
19
Let c(o) = -o**3 + 4*o + 1936. Let r be c(0). What is the highest common factor of 363 and r?
121
Suppose c - 1722 = -74*c + 7878. What is the highest common divisor of c and 1?
1
Let v = 112 + -110. Suppose -y = 2, v*o = 3*o - 4*y - 704. What is the highest common factor of o and 24?
24
Suppose 5*j + 12 = l, 3*l + 2*j = 8 + 11. Let h be l/5 + -1 - (-138)/30. Calculate the greatest common divisor of 15 and h.
5
Let l(v) = -v**3 + 7*v**2 + 3*v - 8. Let z = -287 + 281. Let j be l(z). Calculate the greatest common divisor of j and 34.
34
Let t(j) = 2*j**2 + 15*j - 1161. Let n be t(24). What is the greatest common factor of n and 221?
13
Let x be 27 + (-6 - (5 + 8)). What is the highest common factor of x and 8900?
4
Let q = 125 - 45. Suppose -q = -6*p + 406. What is the highest common divisor of p and 9?
9
Let b = 254 + -246. Suppose b*u = 11*u - 504. Calculate the highest common divisor of 42 and u.
42
Suppose -7*x - 108 = -12*x - 2*s, -4 = 4*s. Calculate the highest common divisor of 1364 and x.
22
Suppose 2*c = 183*u - 182*u + 8888, c + 2*u - 4424 = 0. Calculate the greatest common divisor of c and 15.
15
Let u(p) = -p**3 - 22*p**2 + 2*p + 14. Let j be u(-22). Let s = 178 - j. Calculate the greatest common factor of 13 and s.
13
Let g be 7/42*9*-2. Let j be -1 + (-45)/(-5) + g. What is the greatest common factor of 40 and j?
5
Let r = -191 + 275. Suppose 2*j = 5*v + 390, -3*j + v + 567 = -2*v. Let y = j + -164. What is the greatest common divisor of r and y?
21
Suppose -3*r + 0*r + 2*m = -28, 0 = -4*r + 4*m + 32. Calculate the highest common divisor of r and 40.
4
Let g be (2928/(-4))/((-26)/65). Calculate the greatest common divisor of 60 and g.
30
Let b be (1 - (-6 - -5))*(20 + 24/6). What is the highest common divisor of 804 and b?
12
Suppose 17*t - 19*t = -s - 78, 0 = 3*t + 5*s - 130. What is the greatest common factor of t and 3560?
40
Let q(w) = -2*w**2 + 29*w + 4. Let h be q(14). Let r = -68 + 71. Suppose -2*b + 6 = -3*v - 3, r*v = -3*b + 51. Calculate the greatest common divisor of h and b.
6
Let n be 1*(-1 + 2)*(11 + -3). Suppose -n*k - 4*w = -10*k + 28, 0 = -k + 4*w + 8. What is the highest common factor of 640 and k?
20
Let j = -31 - -33. Let v be (12 - 13)/(j/(-38)). What is the highest common factor of 19 and v?
19
Let b(t) = 2*t**2 - 26*t + 85. Let n be b(5). Let l be 51/2 - (-2)/(-4). What is the highest common divisor of n and l?
5
Let o(q) = 222*q - 1966. Let k be o(9). What is the greatest common factor of k and 10288?
16
Suppose -96*s + 1458 = -1998. What is the greatest common factor of s and 28?
4
Let w(k) = -k**3 + 5*k + 7. Let o be w(3). Let n(q) = -2*q**3 - 8*q**2 + 2*q - 10. Let i be n(o). What is the highest common divisor of 195 and i?
15
Let y(u) = 3*u**2 - 78*u + 385. Let b be y(5). Let n = -32 + 67. Suppose -2*q = 3*q - n. Calculate the highest common factor of q and b.
7
Let t(i) = 2*i**2 - 2*i - 2. Let w be t(8). Suppose -m + q = -497 + 486, -4*m = 3*q - 107. Calculate the greatest common divisor of 